{"id":95,"date":"2024-02-29T01:16:36","date_gmt":"2024-02-29T06:16:36","guid":{"rendered":"https:\/\/aliado.digital\/demo\/semillas\/?page_id=95"},"modified":"2024-03-27T12:08:36","modified_gmt":"2024-03-27T17:08:36","slug":"quienes-somos","status":"publish","type":"page","link":"https:\/\/fusemvid.org\/index.php\/quienes-somos\/","title":{"rendered":"Quienes somos"},"content":{"rendered":"\t\t<div data-elementor-type=\"wp-page\" data-elementor-id=\"95\" class=\"elementor elementor-95\" data-elementor-post-type=\"page\">\n\t\t\t\t<div class=\"elementor-element elementor-element-4c43d27 e-flex e-con-boxed e-con e-parent\" data-id=\"4c43d27\" data-element_type=\"container\" data-settings=\"{&quot;background_background&quot;:&quot;classic&quot;}\">\n\t\t\t\t\t<div class=\"e-con-inner\">\n\t\t\t\t<div class=\"elementor-element elementor-element-9b32e5a elementor-widget elementor-widget-heading\" data-id=\"9b32e5a\" data-element_type=\"widget\" data-widget_type=\"heading.default\">\n\t\t\t\t<div class=\"elementor-widget-container\">\n\t\t\t<style>\/*! elementor - v3.21.0 - 15-04-2024 *\/\n.elementor-heading-title{padding:0;margin:0;line-height:1}.elementor-widget-heading .elementor-heading-title[class*=elementor-size-]>a{color:inherit;font-size:inherit;line-height:inherit}.elementor-widget-heading .elementor-heading-title.elementor-size-small{font-size:15px}.elementor-widget-heading .elementor-heading-title.elementor-size-medium{font-size:19px}.elementor-widget-heading .elementor-heading-title.elementor-size-large{font-size:29px}.elementor-widget-heading .elementor-heading-title.elementor-size-xl{font-size:39px}.elementor-widget-heading .elementor-heading-title.elementor-size-xxl{font-size:59px}<\/style><h2 class=\"elementor-heading-title elementor-size-default\">Quienes somos<\/h2>\t\t<\/div>\n\t\t\t\t<\/div>\n\t\t\t\t\t<\/div>\n\t\t\t\t<\/div>\n\t\t<div class=\"elementor-element elementor-element-548ebb1 e-flex e-con-boxed e-con e-parent\" data-id=\"548ebb1\" data-element_type=\"container\">\n\t\t\t\t\t<div class=\"e-con-inner\">\n\t\t\t\t<div class=\"elementor-element elementor-element-790b232 elementor-widget elementor-widget-text-editor\" data-id=\"790b232\" data-element_type=\"widget\" data-widget_type=\"text-editor.default\">\n\t\t\t\t<div class=\"elementor-widget-container\">\n\t\t\t<style>\/*! elementor - v3.21.0 - 15-04-2024 *\/\n.elementor-widget-text-editor.elementor-drop-cap-view-stacked .elementor-drop-cap{background-color:#69727d;color:#fff}.elementor-widget-text-editor.elementor-drop-cap-view-framed .elementor-drop-cap{color:#69727d;border:3px solid;background-color:transparent}.elementor-widget-text-editor:not(.elementor-drop-cap-view-default) .elementor-drop-cap{margin-top:8px}.elementor-widget-text-editor:not(.elementor-drop-cap-view-default) .elementor-drop-cap-letter{width:1em;height:1em}.elementor-widget-text-editor .elementor-drop-cap{float:left;text-align:center;line-height:1;font-size:50px}.elementor-widget-text-editor .elementor-drop-cap-letter{display:inline-block}<\/style>\t\t\t\t<p style=\"text-align: justify;\"><strong>Somos experiencias que germinan<\/strong><span style=\"color: var( --e-global-color-text ); font-family: var( --e-global-typography-text-font-family ), Sans-serif; font-weight: var( --e-global-typography-text-font-weight ); background-color: var(--base-2);\">, una fundaci\u00f3n privada sin \u00e1nimo de lucro que nace desde el coraz\u00f3n de Colombia para servir a aquellos que m\u00e1s lo necesitan. Inspirados por el deseo de construir un futuro m\u00e1s prometedor, nos dedicamos a promover, impulsar, y ejecutar proyectos, programas, y acciones que benefician a la ni\u00f1ez, la juventud, los adultos mayores, y aquellos en situaciones vulnerables, incluyendo a personas con discapacidades. Nuestra pasi\u00f3n por proteger el medio ambiente y promover el desarrollo integral se extiende a lo largo del norte del Cauca y a trav\u00e9s de todo el territorio colombiano, abrazando a diferentes etnias y comunidades, desde negras e ind\u00edgenas hasta mestizos, todos unidos por el deseo de un bienestar com\u00fan.<\/span><\/p>\n<p style=\"text-align: justify;\">Desde nuestra sede en Santander de Quilichao, Cauca, lideramos iniciativas centradas en el <strong>Desarrollo Humano y Econ\u00f3mico<\/strong>, la <strong>Educaci\u00f3n y Salud<\/strong>, <strong>Deporte y Cultura<\/strong>, as\u00ed como esfuerzos para combatir el <strong>Cambio Clim\u00e1tico<\/strong> y proteger nuestro <strong>Medio Ambiente<\/strong>. Creemos firmemente en la <strong>Participaci\u00f3n Pol\u00edtica y Ciudadana<\/strong>, y estamos comprometidos con la promoci\u00f3n de los <strong>Derechos Humanos<\/strong>, as\u00ed como con el desarrollo de la administraci\u00f3n <strong>Agr\u00edcola y Pecuaria<\/strong>.<\/p>\n<p style=\"text-align: justify;\">Nuestro trabajo se enfoca en varios grupos demogr\u00e1ficos cr\u00edticos, incluyendo ni\u00f1os, j\u00f3venes, mujeres, ancianos, y personas con discapacidades, asegurando que nadie se quede atr\u00e1s. A trav\u00e9s de proyectos como &#8220;Recreaci\u00f3n y Deporte para tu Salud&#8221;, el &#8220;Mejoramiento de la Econom\u00eda del Cuidado y Emprendimientos Juveniles&#8221;, la &#8220;Prevenci\u00f3n y Erradicaci\u00f3n del Bullying Escolar&#8221;, y la &#8220;Rehabilitaci\u00f3n de Tierras Afectadas por la Miner\u00eda&#8221;, buscamos transformar vidas y crear un impacto duradero.<\/p>\n<p style=\"text-align: justify;\">En <strong>Corazones Unidos por el Cauca<\/strong>, nos mueve la convicci\u00f3n de que juntos podemos hacer una diferencia significativa en el mundo. Te invitamos a conocernos mejor y a unirte a nuestra causa. Porque cuando unimos corazones, todo es posible.<\/p>\t\t\t\t\t\t<\/div>\n\t\t\t\t<\/div>\n\t\t\t\t<div class=\"elementor-element elementor-element-88d5d0f elementor-align-center elementor-widget elementor-widget-button\" data-id=\"88d5d0f\" data-element_type=\"widget\" data-widget_type=\"button.default\">\n\t\t\t\t<div class=\"elementor-widget-container\">\n\t\t\t\t\t<div class=\"elementor-button-wrapper\">\n\t\t\t<a class=\"elementor-button elementor-button-link elementor-size-xl\" href=\"#\">\n\t\t\t\t\t\t<span class=\"elementor-button-content-wrapper\">\n\t\t\t\t\t\t\t\t\t<span class=\"elementor-button-text\">Cont\u00e1ctenos<\/span>\n\t\t\t\t\t<\/span>\n\t\t\t\t\t<\/a>\n\t\t<\/div>\n\t\t\t\t<\/div>\n\t\t\t\t<\/div>\n\t\t\t\t\t<\/div>\n\t\t\t\t<\/div>\n\t\t\t\t<\/div>\n\t\t","protected":false},"excerpt":{"rendered":"<p>Quienes somos Somos experiencias que germinan, una fundaci\u00f3n privada sin \u00e1nimo de lucro que nace desde el coraz\u00f3n de Colombia para servir a aquellos que m\u00e1s lo necesitan. Inspirados por el deseo de construir un futuro m\u00e1s prometedor, nos dedicamos a promover, impulsar, y ejecutar proyectos, programas, y acciones que benefician a la ni\u00f1ez, la &#8230; <a title=\"Quienes somos\" class=\"read-more\" href=\"https:\/\/fusemvid.org\/index.php\/quienes-somos\/\" aria-label=\"M\u00e1s en Quienes somos\">Leer m\u00e1s<\/a><\/p>\n","protected":false},"author":1,"featured_media":0,"parent":0,"menu_order":0,"comment_status":"closed","ping_status":"closed","template":"elementor_canvas","meta":{"_joinchat":[],"footnotes":""},"class_list":["post-95","page","type-page","status-publish"],"_links":{"self":[{"href":"https:\/\/fusemvid.org\/index.php\/wp-json\/wp\/v2\/pages\/95","targetHints":{"allow":["GET"]}}],"collection":[{"href":"https:\/\/fusemvid.org\/index.php\/wp-json\/wp\/v2\/pages"}],"about":[{"href":"https:\/\/fusemvid.org\/index.php\/wp-json\/wp\/v2\/types\/page"}],"author":[{"embeddable":true,"href":"https:\/\/fusemvid.org\/index.php\/wp-json\/wp\/v2\/users\/1"}],"replies":[{"embeddable":true,"href":"https:\/\/fusemvid.org\/index.php\/wp-json\/wp\/v2\/comments?post=95"}],"version-history":[{"count":13,"href":"https:\/\/fusemvid.org\/index.php\/wp-json\/wp\/v2\/pages\/95\/revisions"}],"predecessor-version":[{"id":258,"href":"https:\/\/fusemvid.org\/index.php\/wp-json\/wp\/v2\/pages\/95\/revisions\/258"}],"wp:attachment":[{"href":"https:\/\/fusemvid.org\/index.php\/wp-json\/wp\/v2\/media?parent=95"}],"curies":[{"name":"wp","href":"https:\/\/api.w.org\/{rel}","templated":true}]}}

<div data-elementor-type="wp-page" data-elementor-id="95" class="elementor elementor-95" data-elementor-post-type="page">
				<div class="elementor-element elementor-element-4c43d27 e-flex e-con-boxed e-con e-parent" data-id="4c43d27" data-element_type="container" data-settings="{&quot;background_background&quot;:&quot;classic&quot;}">
					<div class="e-con-inner">
				<div class="elementor-element elementor-element-9b32e5a elementor-widget elementor-widget-heading" data-id="9b32e5a" data-element_type="widget" data-widget_type="heading.default">
				<div class="elementor-widget-container">
			<style>/*! elementor - v3.21.0 - 15-04-2024 */
.elementor-heading-title{padding:0;margin:0;line-height:1}.elementor-widget-heading .elementor-heading-title[class*=elementor-size-]>a{color:inherit;font-size:inherit;line-height:inherit}.elementor-widget-heading .elementor-heading-title.elementor-size-small{font-size:15px}.elementor-widget-heading .elementor-heading-title.elementor-size-medium{font-size:19px}.elementor-widget-heading .elementor-heading-title.elementor-size-large{font-size:29px}.elementor-widget-heading .elementor-heading-title.elementor-size-xl{font-size:39px}.elementor-widget-heading .elementor-heading-title.elementor-size-xxl{font-size:59px}</style><h2 class="elementor-heading-title elementor-size-default">Quienes somos</h2>		</div>
				</div>
					</div>
				</div>
		<div class="elementor-element elementor-element-548ebb1 e-flex e-con-boxed e-con e-parent" data-id="548ebb1" data-element_type="container">
					<div class="e-con-inner">
				<div class="elementor-element elementor-element-790b232 elementor-widget elementor-widget-text-editor" data-id="790b232" data-element_type="widget" data-widget_type="text-editor.default">
				<div class="elementor-widget-container">
			<style>/*! elementor - v3.21.0 - 15-04-2024 */
.elementor-widget-text-editor.elementor-drop-cap-view-stacked .elementor-drop-cap{background-color:#69727d;color:#fff}.elementor-widget-text-editor.elementor-drop-cap-view-framed .elementor-drop-cap{color:#69727d;border:3px solid;background-color:transparent}.elementor-widget-text-editor:not(.elementor-drop-cap-view-default) .elementor-drop-cap{margin-top:8px}.elementor-widget-text-editor:not(.elementor-drop-cap-view-default) .elementor-drop-cap-letter{width:1em;height:1em}.elementor-widget-text-editor .elementor-drop-cap{float:left;text-align:center;line-height:1;font-size:50px}.elementor-widget-text-editor .elementor-drop-cap-letter{display:inline-block}</style>				<p style="text-align: justify;"><strong>Somos experiencias que germinan</strong><span style="color: var( --e-global-color-text ); font-family: var( --e-global-typography-text-font-family ), Sans-serif; font-weight: var( --e-global-typography-text-font-weight ); background-color: var(--base-2);">, una fundación privada sin ánimo de lucro que nace desde el corazón de Colombia para servir a aquellos que más lo necesitan. Inspirados por el deseo de construir un futuro más prometedor, nos dedicamos a promover, impulsar, y ejecutar proyectos, programas, y acciones que benefician a la niñez, la juventud, los adultos mayores, y aquellos en situaciones vulnerables, incluyendo a personas con discapacidades. Nuestra pasión por proteger el medio ambiente y promover el desarrollo integral se extiende a lo largo del norte del Cauca y a través de todo el territorio colombiano, abrazando a diferentes etnias y comunidades, desde negras e indígenas hasta mestizos, todos unidos por el deseo de un bienestar común.</span></p>
<p style="text-align: justify;">Desde nuestra sede en Santander de Quilichao, Cauca, lideramos iniciativas centradas en el <strong>Desarrollo Humano y Económico</strong>, la <strong>Educación y Salud</strong>, <strong>Deporte y Cultura</strong>, así como esfuerzos para combatir el <strong>Cambio Climático</strong> y proteger nuestro <strong>Medio Ambiente</strong>. Creemos firmemente en la <strong>Participación Política y Ciudadana</strong>, y estamos comprometidos con la promoción de los <strong>Derechos Humanos</strong>, así como con el desarrollo de la administración <strong>Agrícola y Pecuaria</strong>.</p>
<p style="text-align: justify;">Nuestro trabajo se enfoca en varios grupos demográficos críticos, incluyendo niños, jóvenes, mujeres, ancianos, y personas con discapacidades, asegurando que nadie se quede atrás. A través de proyectos como &#8220;Recreación y Deporte para tu Salud&#8221;, el &#8220;Mejoramiento de la Economía del Cuidado y Emprendimientos Juveniles&#8221;, la &#8220;Prevención y Erradicación del Bullying Escolar&#8221;, y la &#8220;Rehabilitación de Tierras Afectadas por la Minería&#8221;, buscamos transformar vidas y crear un impacto duradero.</p>
<p style="text-align: justify;">En <strong>Corazones Unidos por el Cauca</strong>, nos mueve la convicción de que juntos podemos hacer una diferencia significativa en el mundo. Te invitamos a conocernos mejor y a unirte a nuestra causa. Porque cuando unimos corazones, todo es posible.</p>						</div>
				</div>
				<div class="elementor-element elementor-element-88d5d0f elementor-align-center elementor-widget elementor-widget-button" data-id="88d5d0f" data-element_type="widget" data-widget_type="button.default">
				<div class="elementor-widget-container">
					<div class="elementor-button-wrapper">
			<a class="elementor-button elementor-button-link elementor-size-xl" href="#">
						<span class="elementor-button-content-wrapper">
									<span class="elementor-button-text">Contáctenos</span>
					</span>
					</a>
		</div>
				</div>
				</div>
					</div>
				</div>
				</div>

<p>Quienes somos Somos experiencias que germinan, una fundación privada sin ánimo de lucro que nace desde el corazón de Colombia para servir a aquellos que más lo necesitan. Inspirados por el deseo de construir un futuro más prometedor, nos dedicamos a promover, impulsar, y ejecutar proyectos, programas, y acciones que benefician a la niñez, la &#8230; <a title="Quienes somos" class="read-more" href="https://fusemvid.org/index.php/quienes-somos/" aria-label="Más en Quienes somos">Leer más</a></p>
